Dec 01 17:09:55.754 INFO testing frigus02/crypto-playground against master#8940af3cea4a9a9deabcaf843b2f8cad9a83fc61 for beta-1.31-5
Dec 01 17:09:55.754 INFO running `"docker" "create" "-v" "/mnt/big/crater/work/local/target-dirs/beta-1.31-5/worker-5/master#8940af3cea4a9a9deabcaf843b2f8cad9a83fc61:/target:rw,Z" "-v" "/mnt/big/crater/work/local/test-source/worker-5/beta-1.31-5/master#8940af3cea4a9a9deabcaf843b2f8cad9a83fc61:/source:ro,Z" "-v" "/mnt/big/crater/work/local/cargo-home:/cargo-home:ro,Z" "-v" "/mnt/big/crater/work/local/rustup-home:/rustup-home:ro,Z" "-e" "USER_ID=1000" "-e" "SOURCE_DIR=/source" "-e" "USER_ID=1000" "-e" "CMD=cargo +8940af3cea4a9a9deabcaf843b2f8cad9a83fc61-alt build --frozen" "-e" "CARGO_TARGET_DIR=/target" "-e" "CARGO_INCREMENTAL=0" "-e" "RUST_BACKTRACE=full" "-e" "RUSTFLAGS=--cap-lints=warn" "-e" "CARGO_HOME=/cargo-home" "-e" "RUSTUP_HOME=/rustup-home" "-m" "1536M" "--network" "none" "crater"`
Dec 01 17:09:56.225 INFO [stdout] 427ffcb03b2c8bd5dc8dd6d4009c1fd2dd6184a1cfdbfa1f2be67f289447f339
Dec 01 17:09:56.227 INFO running `"docker" "start" "-a" "427ffcb03b2c8bd5dc8dd6d4009c1fd2dd6184a1cfdbfa1f2be67f289447f339"`
Dec 01 17:09:57.763 INFO [stderr] usermod: no changes
Dec 01 17:09:57.891 INFO [stderr]    Compiling crypto-playground v0.1.0 (/source)
Dec 01 17:09:58.796 INFO [stderr] warning: unused variable: `bytes`
Dec 01 17:09:58.796 INFO [stderr]  --> src/challenges/break_repeating_key_xor.rs:9:9
Dec 01 17:09:58.796 INFO [stderr]   |
Dec 01 17:09:58.796 INFO [stderr] 9 |     let bytes = base64::decode(base64);
Dec 01 17:09:58.796 INFO [stderr]   |         ^^^^^ help: consider using `_bytes` instead
Dec 01 17:09:58.796 INFO [stderr]   |
Dec 01 17:09:58.796 INFO [stderr]   = note: #[warn(unused_variables)] on by default
Dec 01 17:09:58.796 INFO [stderr] 
Dec 01 17:09:58.842 INFO [stderr] warning: function is never used: `get`
Dec 01 17:09:58.842 INFO [stderr]  --> src/analysis/hemming_distance.rs:1:1
Dec 01 17:09:58.842 INFO [stderr]   |
Dec 01 17:09:58.842 INFO [stderr] 1 | pub fn get(bytes_a: &[u8], bytes_b: &[u8]) -> Result<u8, String> {
Dec 01 17:09:58.843 INFO [stderr]   | ^^^^^^^^^^^^^^^^^^^^^^^^^^^^^^^^^^^^^^^^^^^^^^^^^^^^^^^^^^^^^^^^
Dec 01 17:09:58.843 INFO [stderr]   |
Dec 01 17:09:58.843 INFO [stderr]   = note: #[warn(dead_code)] on by default
Dec 01 17:09:58.843 INFO [stderr] 
Dec 01 17:10:00.138 INFO [stderr]     Finished dev [unoptimized + debuginfo] target(s) in 2.34s
Dec 01 17:10:00.142 INFO [stderr] su: No module specific data is present
Dec 01 17:10:00.381 INFO running `"docker" "inspect" "427ffcb03b2c8bd5dc8dd6d4009c1fd2dd6184a1cfdbfa1f2be67f289447f339"`
Dec 01 17:10:00.460 INFO running `"docker" "rm" "-f" "427ffcb03b2c8bd5dc8dd6d4009c1fd2dd6184a1cfdbfa1f2be67f289447f339"`
Dec 01 17:10:00.563 INFO [stdout] 427ffcb03b2c8bd5dc8dd6d4009c1fd2dd6184a1cfdbfa1f2be67f289447f339
Dec 01 17:10:00.566 INFO running `"docker" "create" "-v" "/mnt/big/crater/work/local/target-dirs/beta-1.31-5/worker-5/master#8940af3cea4a9a9deabcaf843b2f8cad9a83fc61:/target:rw,Z" "-v" "/mnt/big/crater/work/local/test-source/worker-5/beta-1.31-5/master#8940af3cea4a9a9deabcaf843b2f8cad9a83fc61:/source:ro,Z" "-v" "/mnt/big/crater/work/local/cargo-home:/cargo-home:ro,Z" "-v" "/mnt/big/crater/work/local/rustup-home:/rustup-home:ro,Z" "-e" "USER_ID=1000" "-e" "SOURCE_DIR=/source" "-e" "USER_ID=1000" "-e" "CMD=cargo +8940af3cea4a9a9deabcaf843b2f8cad9a83fc61-alt test --frozen --no-run" "-e" "CARGO_TARGET_DIR=/target" "-e" "CARGO_INCREMENTAL=0" "-e" "RUST_BACKTRACE=full" "-e" "RUSTFLAGS=--cap-lints=warn" "-e" "CARGO_HOME=/cargo-home" "-e" "RUSTUP_HOME=/rustup-home" "-m" "1536M" "--network" "none" "crater"`
Dec 01 17:10:00.778 INFO [stdout] 3dcdd72b2b70251c99ec41d97a919080df31b61def2ce3943c8ee0fad501341d
Dec 01 17:10:00.781 INFO running `"docker" "start" "-a" "3dcdd72b2b70251c99ec41d97a919080df31b61def2ce3943c8ee0fad501341d"`
Dec 01 17:10:01.309 INFO [stderr] usermod: no changes
Dec 01 17:10:01.357 INFO [stderr]    Compiling crypto-playground v0.1.0 (/source)
Dec 01 17:10:02.069 INFO [stderr] warning: unused variable: `bytes`
Dec 01 17:10:02.069 INFO [stderr]  --> src/challenges/break_repeating_key_xor.rs:9:9
Dec 01 17:10:02.069 INFO [stderr]   |
Dec 01 17:10:02.069 INFO [stderr] 9 |     let bytes = base64::decode(base64);
Dec 01 17:10:02.069 INFO [stderr]   |         ^^^^^ help: consider using `_bytes` instead
Dec 01 17:10:02.069 INFO [stderr]   |
Dec 01 17:10:02.069 INFO [stderr]   = note: #[warn(unused_variables)] on by default
Dec 01 17:10:02.069 INFO [stderr] 
Dec 01 17:10:03.267 INFO [stderr]     Finished dev [unoptimized + debuginfo] target(s) in 1.94s
Dec 01 17:10:03.271 INFO [stderr] su: No module specific data is present
Dec 01 17:10:03.763 INFO running `"docker" "inspect" "3dcdd72b2b70251c99ec41d97a919080df31b61def2ce3943c8ee0fad501341d"`
Dec 01 17:10:03.973 INFO running `"docker" "rm" "-f" "3dcdd72b2b70251c99ec41d97a919080df31b61def2ce3943c8ee0fad501341d"`
Dec 01 17:10:04.344 INFO [stdout] 3dcdd72b2b70251c99ec41d97a919080df31b61def2ce3943c8ee0fad501341d
Dec 01 17:10:04.348 INFO running `"docker" "create" "-v" "/mnt/big/crater/work/local/target-dirs/beta-1.31-5/worker-5/master#8940af3cea4a9a9deabcaf843b2f8cad9a83fc61:/target:rw,Z" "-v" "/mnt/big/crater/work/local/test-source/worker-5/beta-1.31-5/master#8940af3cea4a9a9deabcaf843b2f8cad9a83fc61:/source:ro,Z" "-v" "/mnt/big/crater/work/local/cargo-home:/cargo-home:ro,Z" "-v" "/mnt/big/crater/work/local/rustup-home:/rustup-home:ro,Z" "-e" "USER_ID=1000" "-e" "SOURCE_DIR=/source" "-e" "USER_ID=1000" "-e" "CMD=cargo +8940af3cea4a9a9deabcaf843b2f8cad9a83fc61-alt test --frozen" "-e" "CARGO_TARGET_DIR=/target" "-e" "CARGO_INCREMENTAL=0" "-e" "RUST_BACKTRACE=full" "-e" "RUSTFLAGS=--cap-lints=warn" "-e" "CARGO_HOME=/cargo-home" "-e" "RUSTUP_HOME=/rustup-home" "-m" "1536M" "--network" "none" "crater"`
Dec 01 17:10:04.708 INFO [stdout] 24581e1f7c8c2759086e176519bddcd612c002851a86dedca80f524351fc62bd
Dec 01 17:10:04.715 INFO running `"docker" "start" "-a" "24581e1f7c8c2759086e176519bddcd612c002851a86dedca80f524351fc62bd"`
Dec 01 17:10:06.002 INFO [stderr] usermod: no changes
Dec 01 17:10:06.070 INFO [stderr]     Finished dev [unoptimized + debuginfo] target(s) in 0.04s
Dec 01 17:10:06.084 INFO [stderr]      Running /target/debug/deps/crypto_playground-4205233a7694bc9f
Dec 01 17:10:06.099 INFO [stdout] 
Dec 01 17:10:06.099 INFO [stdout] running 14 tests
Dec 01 17:10:06.103 INFO [stdout] test analysis::hemming_distance::tests::get_test ... ok
Dec 01 17:10:06.116 INFO [stdout] test challenges::fixed_xor::tests::run_test ... ok
Dec 01 17:10:06.167 INFO [stdout] test encoding::base64::tests::decode_test ... ok
Dec 01 17:10:06.167 INFO [stdout] test challenges::detect_single_char_xor::tests::run_test ... ok
Dec 01 17:10:06.175 INFO [stdout] test challenges::single_byte_xor::tests::run_test ... ok
Dec 01 17:10:06.175 INFO [stdout] test encoding::xor::tests::encode_repeating_key_test ... ok
Dec 01 17:10:06.175 INFO [stdout] test challenges::repeating_key_xor::tests::run_test ... ok
Dec 01 17:10:06.175 INFO [stdout] test challenges::hex_to_base64::tests::run_test ... ok
Dec 01 17:10:06.175 INFO [stdout] test encoding::hex::tests::decode_test ... ok
Dec 01 17:10:06.175 INFO [stdout] test encoding::base64::tests::encode_test ... ok
Dec 01 17:10:06.175 INFO [stdout] test encoding::xor::tests::encode_fixed_length_test ... ok
Dec 01 17:10:06.183 INFO [stdout] test encoding::hex::tests::encode_test ... ok
Dec 01 17:10:06.185 INFO [stdout] test challenges::break_repeating_key_xor::tests::run_test ... FAILED
Dec 01 17:10:06.185 INFO [stdout] test encoding::xor::tests::encode_single_byte_test ... ok
Dec 01 17:10:06.185 INFO [stdout] 
Dec 01 17:10:06.185 INFO [stdout] failures:
Dec 01 17:10:06.185 INFO [stdout] 
Dec 01 17:10:06.185 INFO [stdout] ---- challenges::break_repeating_key_xor::tests::run_test stdout ----
Dec 01 17:10:06.185 INFO [stdout] thread 'challenges::break_repeating_key_xor::tests::run_test' panicked at 'assertion failed: `(left == right)`
Dec 01 17:10:06.185 INFO [stdout]   left: `"Cooking MC\'s like a pound of bacon"`,
Dec 01 17:10:06.185 INFO [stdout]  right: `"hello"`', src/challenges/break_repeating_key_xor.rs:28:9
Dec 01 17:10:06.185 INFO [stdout] stack backtrace:
Dec 01 17:10:06.185 INFO [stdout]    0:     0x55d39a2c2ddf - std::sys::unix::backtrace::tracing::imp::unwind_backtrace::h3a8b83e1922cbdde
Dec 01 17:10:06.185 INFO [stdout]                                at libstd/sys/unix/backtrace/tracing/gcc_s.rs:49
Dec 01 17:10:06.185 INFO [stdout]    1:     0x55d39a2cbe27 - std::sys_common::backtrace::print::h00d3155a29b4020f
Dec 01 17:10:06.185 INFO [stdout]                                at libstd/sys_common/backtrace.rs:71
Dec 01 17:10:06.185 INFO [stdout]                                at libstd/sys_common/backtrace.rs:59
Dec 01 17:10:06.185 INFO [stdout]    2:     0x55d39a2c6b0f - std::panicking::default_hook::{{closure}}::hd7465c742e79e1bb
Dec 01 17:10:06.185 INFO [stdout]                                at libstd/panicking.rs:211
Dec 01 17:10:06.185 INFO [stdout]    3:     0x55d39a2c680e - std::panicking::default_hook::h9e3966f2aa2a6e12
Dec 01 17:10:06.185 INFO [stdout]                                at libstd/panicking.rs:221
Dec 01 17:10:06.185 INFO [stdout]    4:     0x55d39a2c71ee - std::panicking::rust_panic_with_hook::h587f091ae747d080
Dec 01 17:10:06.185 INFO [stdout]                                at libstd/panicking.rs:476
Dec 01 17:10:06.185 INFO [stdout]    5:     0x55d39a2c6d91 - std::panicking::continue_panic_fmt::hb3a4fdede87f43a8
Dec 01 17:10:06.185 INFO [stdout]                                at libstd/panicking.rs:390
Dec 01 17:10:06.185 INFO [stdout]    6:     0x55d39a2c6cde - std::panicking::begin_panic_fmt::h387afc7da9a10555
Dec 01 17:10:06.185 INFO [stdout]                                at libstd/panicking.rs:345
Dec 01 17:10:06.185 INFO [stdout]    7:     0x55d39a2532da - crypto_playground::challenges::break_repeating_key_xor::tests::run_test::h43adde3486be7e56
Dec 01 17:10:06.185 INFO [stdout]                                at src/challenges/break_repeating_key_xor.rs:28
Dec 01 17:10:06.185 INFO [stdout]    8:     0x55d39a252e19 - crypto_playground::challenges::break_repeating_key_xor::tests::run_test::{{closure}}::hc328635fc63be07d
Dec 01 17:10:06.185 INFO [stdout]                                at src/challenges/break_repeating_key_xor.rs:21
Dec 01 17:10:06.185 INFO [stdout]    9:     0x55d39a24bebd - core::ops::function::FnOnce::call_once::h184e5658f2ac8fcc
Dec 01 17:10:06.185 INFO [stdout]                                at libcore/ops/function.rs:238
Dec 01 17:10:06.185 INFO [stdout]   10:     0x55d39a25ffde - <F as alloc::boxed::FnBox<A>>::call_box::hac903f91577a156c
Dec 01 17:10:06.185 INFO [stdout]                                at libtest/lib.rs:1468
Dec 01 17:10:06.185 INFO [stdout]                                at libcore/ops/function.rs:238
Dec 01 17:10:06.186 INFO [stdout]                                at liballoc/boxed.rs:672
Dec 01 17:10:06.186 INFO [stdout]   11:     0x55d39a2d6dd9 - __rust_maybe_catch_panic
Dec 01 17:10:06.186 INFO [stdout]                                at libpanic_unwind/lib.rs:102
Dec 01 17:10:06.186 INFO [stdout]   12:     0x55d39a281c32 - std::sys_common::backtrace::__rust_begin_short_backtrace::hb8f0d0309526c184
Dec 01 17:10:06.186 INFO [stdout]                                at libstd/panicking.rs:289
Dec 01 17:10:06.186 INFO [stdout]                                at libstd/panic.rs:392
Dec 01 17:10:06.186 INFO [stdout]                                at libtest/lib.rs:1423
Dec 01 17:10:06.186 INFO [stdout]                                at libstd/sys_common/backtrace.rs:136
Dec 01 17:10:06.186 INFO [stdout]   13:     0x55d39a2826e4 - std::panicking::try::do_call::hc2f7c8b9a348d8db
Dec 01 17:10:06.186 INFO [stdout]                                at libstd/thread/mod.rs:409
Dec 01 17:10:06.186 INFO [stdout]                                at libstd/panic.rs:313
Dec 01 17:10:06.186 INFO [stdout]                                at libstd/panicking.rs:310
Dec 01 17:10:06.186 INFO [stdout]   14:     0x55d39a2d6dd9 - __rust_maybe_catch_panic
Dec 01 17:10:06.186 INFO [stdout]                                at libpanic_unwind/lib.rs:102
Dec 01 17:10:06.186 INFO [stdout]   15:     0x55d39a26f91c - <F as alloc::boxed::FnBox<A>>::call_box::h6bfded618e480b32
Dec 01 17:10:06.186 INFO [stdout]                                at libstd/panicking.rs:289
Dec 01 17:10:06.186 INFO [stdout]                                at libstd/panic.rs:392
Dec 01 17:10:06.186 INFO [stdout]                                at libstd/thread/mod.rs:408
Dec 01 17:10:06.186 INFO [stdout]                                at liballoc/boxed.rs:672
Dec 01 17:10:06.186 INFO [stdout]   16:     0x55d39a2c49fd - std::sys_common::thread::start_thread::h4c28257d67cdf9cb
Dec 01 17:10:06.186 INFO [stdout]                                at liballoc/boxed.rs:682
Dec 01 17:10:06.186 INFO [stdout]                                at libstd/sys_common/thread.rs:24
Dec 01 17:10:06.186 INFO [stdout]   17:     0x55d39a2b9f15 - std::sys::unix::thread::Thread::new::thread_start::hfecb2e7eff8fd34f
Dec 01 17:10:06.186 INFO [stdout]                                at libstd/sys/unix/thread.rs:90
Dec 01 17:10:06.186 INFO [stdout]   18:     0x7f49f94ed6b9 - start_thread
Dec 01 17:10:06.186 INFO [stdout]   19:     0x7f49f900d41c - clone
Dec 01 17:10:06.186 INFO [stdout]   20:                0x0 - <unknown>
Dec 01 17:10:06.186 INFO [stdout] 
Dec 01 17:10:06.186 INFO [stdout] 
Dec 01 17:10:06.186 INFO [stdout] failures:
Dec 01 17:10:06.186 INFO [stdout]     challenges::break_repeating_key_xor::tests::run_test
Dec 01 17:10:06.186 INFO [stdout] 
Dec 01 17:10:06.186 INFO [stdout] test result: FAILED. 13 passed; 1 failed; 0 ignored; 0 measured; 0 filtered out
Dec 01 17:10:06.186 INFO [stdout] 
Dec 01 17:10:06.189 INFO [stderr] error: test failed, to rerun pass '--bin crypto-playground'
Dec 01 17:10:06.190 INFO [stderr] su: No module specific data is present
Dec 01 17:10:06.826 INFO running `"docker" "inspect" "24581e1f7c8c2759086e176519bddcd612c002851a86dedca80f524351fc62bd"`
Dec 01 17:10:07.179 INFO running `"docker" "rm" "-f" "24581e1f7c8c2759086e176519bddcd612c002851a86dedca80f524351fc62bd"`
Dec 01 17:10:07.403 INFO [stdout] 24581e1f7c8c2759086e176519bddcd612c002851a86dedca80f524351fc62bd
